nd 143?
143
Calculate the highest common divisor of 50914528 and 65170.
1862
What is the greatest common factor of 2600350 and 9694?
262
Calculate the greatest common factor of 2754 and 9752220.
306
Calculate the greatest common factor of 64335820 and 340.
340
Calculate the greatest common factor of 160821036 and 144.
36
What is the greatest common factor of 1658394 and 1392?
174
What is the highest common factor of 7033158 and 2187?
9
Calculate the highest common factor of 2343044 and 7271182.
9682
What is the greatest common factor of 318682 and 1937533?
1339
Calculate the highest common factor of 918 and 7692273.
27
Calculate the highest common factor of 27834075 and 45.
45
What is the highest common factor of 992 and 20880515?
31
Calculate the highest common divisor of 2384 and 71636816.
2384
Calculate the greatest common factor of 390 and 14323348.
26
Calculate the highest common divisor of 864948 and 1804917.
4413
What is the highest common factor of 45436 and 88948?
148
What is the greatest common factor of 11745 and 969327?
81
Calculate the greatest common divisor of 278415 and 65421338.
6187
What is the highest common factor of 34393546 and 674?
674
What is the greatest common factor of 177619 and 487664?
1051
What is the highest common factor of 80537226 and 4158?
462
Calculate the highest common factor of 7128 and 2018016.
792
Calculate the greatest common divisor of 126 and 103339866.
42
Calculate the greatest common divisor of 5519738 and 2709.
301
What is the greatest common divisor of 62922240 and 4128?
96
Calculate the highest common factor of 164104825 and 50.
25
Calculate the highest common divisor of 164 and 155325712.
164
What is the greatest common divisor of 10131 and 2213777?
307
Calculate the greatest common divisor of 77928290 and 82.
82
Calculate the highest common divisor of 14901780 and 653910.
9210
Calculate the greatest common factor of 951 and 103108371.
951
What is the highest common divisor of 2597385 and 1015?
1015
Calculate the highest common factor of 3857066 and 25370.
118
Calculate the highest common factor of 7 and 117827164.
7
What is the greatest common factor of 4 and 99485108?
4
What is the greatest common divisor of 18 and 611750286?
18
Calculate the highest common divisor of 8501394 and 9350.
374
Calculate the highest common factor of 2197886 and 113306.
626
What is the highest common factor of 2870 and 18699198?
574
Calculate the greatest common divisor of 10220692 and 28.
4
Calculate the greatest common factor of 52169796 and 1380.
276
What is the highest common factor of 935 and 304986715?
935
Calculate the highest common divisor of 33 and 14578003.
11
Calculate the highest common divisor of 12561954 and 53.
53
What is the greatest common factor of 18 and 19489431?
3
Calculate the highest common factor of 2783 and 4497691.
121
Calculate the highest common divisor of 864 and 179037344.
32
Calculate the highest common factor of 4902390 and 4690.
670
Calculate the highest common divisor of 12 and 2177566824.
12
What is the greatest common factor of 600823166 and 358?
358
What is the greatest common factor of 1798 and 1996062286?
1798
What is the highest common factor of 14320737 and 109981?
1009
Calculate the highest common divisor of 4970496 and 191733.
2427
Calculate the highest common factor of 36327552 and 4608.
384
What is the highest common divisor of 341578 and 570274?
1466
Calculate the greatest common divisor of 165 and 2098782675.
165
Calculate the greatest common factor of 972246 and 66.
66
What is the highest common factor of 9548 and 34452?
44
What is the greatest common factor of 20312772 and 1012?
92
What is the greatest common divisor of 298014471 and 729?
729
What is the greatest common factor of 5647 and 4359?
1
Calculate the greatest common factor of 389251242 and 332.
166
What is the greatest common factor of 24312 and 45624?
24
Calculate the greatest common factor of 3990 and 7551474.
798
What is the highest common divisor of 45 and 1481399325?
45
What is the greatest common divisor of 921190 and 23890?
10
Calculate the greatest common divisor of 75810 and 305045.
1805
Calculate the highest common factor of 146932 and 937291.
109
What is the greatest common factor of 1402 and 335244838?
1402
What is the greatest common factor of 80400048 and 48?
48
What is the greatest common factor of 571572192 and 192?
96
Calculate the greatest common factor of 66311740 and 1320.
220
What is the greatest common factor of 1074190764 and 3876?
3876
What is the highest common factor of 48276 and 1371396?
1788
What is the highest common factor of 9628 and 74798272?
332
Calculate the greatest common divisor of 35430 and 23530.
10
What is the highest common divisor of 702 and 3663306?
54
What is the highest common factor of 1727279 and 2813?
97
Calculate the highest common divisor of 2638 and 1507263508.
2638
Calculate the highest common divisor of 52316490 and 10.
10
What is the greatest common divisor of 2117299 and 8739003?
4573
Calculate the greatest common divisor of 44 and 43913782.
22
What is the highest common divisor of 651846 and 91?
13
Calculate the highest common factor of 328 and 156703.
1
Calculate the highest common divisor of 14322040 and 220.
20
What is the highest common factor of 609 and 2134167?
21
What is the highest common divisor of 5667586 and 1073?
1073
What is the greatest common divisor of 19392 and 3077874?
606
Calculate the highest common divisor of 7572 and 182124.
12
Calculate the highest common factor of 1812 and 65582622.
906
What is the greatest common divisor of 14843230 and 63878?
3362
Calculate the highest common divisor of 11780422 and 77362.
1646
Calculate the greatest common factor of 21837 and 902094.
753
Calculate the greatest common divisor of 5231284 and 100.
4
What is the greatest common divisor of 75153 and 118534?
611
What is the greatest common divisor of 213585 and 398460?
435
What is the greatest common divisor of 261976078 and 182?
182
What is the greatest common factor of 1775 and 319825?
25
Calculate the greatest common factor of 3113 and 388094597.
3113
What is the highest common factor of 48 and 13326252?
12
Calculate the highest common factor of 376 and 2994323.
47
What is the greatest common factor of 82 and 97372458?
82
Calculate the greatest common factor of 5948091 and 18.
9
What is the highest common factor of 1022 and 4868370?
146
Calculate the highest common factor of 24 and 52102916.
4
What is the highest common divisor of 1447 and 20?
1
Calculate the greatest common factor of 22 and 1955899.
11
What is the highest common divisor of 35 and 56252035?
35
What is the greatest common divisor of 1174407 and 312?
39
Calculate the greatest common divisor of 981 and 79598340.
981
Calculate the highest common factor of 66263783 and 151.
151
Calculate the greatest common divisor of 370 and 8236015.
185
What is the greatest common factor of 2060 and 56332760?
2060
Calculate the greatest common divisor of 112 and 5235244.
28
Calculate the highest common divisor of 75 and 3810945.
15
What is the highest common divisor of 744 and 35475160?
248
What is the greatest common divisor of 142354 and 664754?
1306
Calculate the highest common factor of 24582613 and 2134.
1067
What is the greatest common divisor of 957190 and 808561?
481
Calculate the greatest common divisor of 22 and 27476174.
22
Calculate the greatest common factor of 13483 and 36611210.
139
Calculate the greatest common factor of 4 and 7454732.
4
Calculate the greatest common factor of 31264893 and 603.
9
Calculate the highest common factor of 460377 and 11448.
27
Calculate the greatest common divisor of 20036390 and 28710.
3190
Calculate the highest common factor of 14750 and 312005275.
1475
Calculate the highest common factor of 87897 and 4896816.
1059
What is the highest common divisor of 43705254 and 13008?
1626
What is the greatest common factor of 4699 and 644017?
127
Calculate the greatest common factor of 28 and 30661134.
14
Calculate the highest common divisor of 417295 and 5155.
5
What is the highest common factor of 7062 and 154080?
642
What is the greatest common divisor of 1318268684 and 67?
67
What is the greatest common factor of 141709071 and 63?
21
Calculate the highes